highest common factor of 165 and 1551.
33
Calculate the greatest common divisor of 1068 and 84.
12
Calculate the greatest common factor of 147 and 924.
21
Calculate the highest common divisor of 4160 and 112.
16
Calculate the greatest common factor of 6 and 27.
3
Calculate the highest common factor of 22 and 77.
11
What is the greatest common factor of 3828 and 165?
33
Calculate the greatest common divisor of 7 and 438.
1
Calculate the highest common divisor of 147 and 1274.
49
Calculate the highest common factor of 315 and 2555.
35
What is the greatest common divisor of 221 and 26?
13
Calculate the highest common divisor of 18 and 2.
2
Calculate the greatest common divisor of 5706 and 6.
6
Calculate the greatest common divisor of 396 and 1452.
132
Calculate the greatest common factor of 15 and 18.
3
Calculate the greatest common divisor of 657 and 36.
9
Calculate the highest common divisor of 130 and 52.
26
What is the highest common factor of 428 and 4?
4
What is the greatest common factor of 132 and 1276?
44
Calculate the greatest common factor of 4 and 8.
4
Calculate the greatest common divisor of 325 and 40.
5
Calculate the highest common factor of 26 and 793.
13
What is the highest common divisor of 5 and 18?
1
What is the highest common factor of 25 and 22?
1
Calculate the greatest common factor of 12 and 6828.
12
Calculate the highest common divisor of 273 and 247.
13
What is the highest common divisor of 376 and 2773?
47
Calculate the highest common divisor of 78 and 4706.
26
Calculate the highest common factor of 46 and 1702.
46
Calculate the highest common factor of 854 and 42.
14
Calculate the greatest common divisor of 581 and 42.
7
What is the highest common divisor of 246 and 12?
6
Calculate the highest common divisor of 6 and 4206.
6
What is the highest common factor of 399 and 42?
21
Calculate the highest common factor of 16309 and 47.
47
Calculate the greatest common factor of 10461 and 33.
33
Calculate the highest common factor of 11 and 3751.
11
Calculate the highest common factor of 1362 and 12.
6
Calculate the highest common factor of 292 and 4.
4
What is the highest common factor of 6258 and 14?
14
What is the greatest common factor of 256 and 960?
64
Calculate the greatest common divisor of 9 and 1926.
9
Calculate the greatest common divisor of 405 and 1980.
45
What is the highest common divisor of 2442 and 132?
66
What is the highest common factor of 60 and 10960?
20
Calculate the highest common factor of 612 and 9027.
153
What is the greatest common factor of 19 and 475?
19
Calculate the highest common divisor of 10 and 790.
10
What is the greatest common divisor of 16 and 228?
4
Calculate the greatest common divisor of 9 and 47979.
9
What is the highest common divisor of 84 and 60?
12
What is the highest common divisor of 963 and 9?
9
Calculate the greatest common factor of 31 and 62.
31
What is the greatest common divisor of 3082 and 92?
46
What is the highest common factor of 19 and 104101?
19
Calculate the highest common factor of 14 and 350.
14
Calculate the highest common divisor of 126 and 133.
7
What is the greatest common divisor of 153 and 36?
9
Calculate the highest common factor of 327 and 545.
109
Calculate the highest common divisor of 42 and 441.
21
What is the greatest common factor of 4375 and 70?
35
What is the highest common factor of 13514 and 174?
58
What is the highest common divisor of 132 and 4092?
132
What is the greatest common factor of 1862 and 98?
98
What is the highest common divisor of 135 and 20?
5
Calculate the greatest common factor of 148 and 16132.
148
Calculate the greatest common factor of 64 and 64064.
64
What is the greatest common divisor of 670 and 10?
10
Calculate the highest common factor of 85 and 3995.
85
Calculate the highest common divisor of 96 and 3.
3
What is the highest common factor of 3567 and 369?
123
What is the greatest common divisor of 156 and 390?
78
Calculate the greatest common factor of 637 and 26.
13
What is the highest common factor of 105 and 147?
21
What is the greatest common divisor of 23 and 2300?
23
Calculate the greatest common factor of 22 and 374.
22
What is the highest common factor of 456 and 17100?
228
Calculate the highest common divisor of 28082 and 19.
19
Calculate the highest common divisor of 408 and 232.
8
What is the greatest common factor of 2737 and 1771?
161
Calculate the greatest common divisor of 2190 and 90.
30
What is the greatest common divisor of 80 and 190?
10
What is the highest common factor of 3886 and 268?
134
Calculate the highest common divisor of 24 and 3684.
12
What is the greatest common factor of 38 and 2?
2
What is the highest common divisor of 944 and 16?
16
Calculate the greatest common factor of 459 and 51.
51
Calculate the highest common factor of 5 and 2520.
5
Calculate the highest common divisor of 968 and 110.
22
What is the greatest common factor of 16266 and 6?
6
Calculate the greatest common divisor of 3820 and 20.
20
What is the greatest common divisor of 429 and 78?
39
What is the highest common factor of 117 and 63?
9
What is the greatest common divisor of 35 and 175?
35
Calculate the highest common factor of 3 and 489.
3
Calculate the highest common divisor of 2088 and 360.
72
Calculate the highest common divisor of 384 and 288.
96
What is the greatest common divisor of 2156 and 44?
44
What is the greatest common divisor of 45496 and 11?
11
What is the highest common factor of 135 and 8730?
45
What is the highest common factor of 364 and 56?
28
What is the highest common factor of 11700 and 208?
52
Calculate the greatest common factor of 8 and 140.
4
What is the highest common divisor of 1155 and 357?
21
Calculate the highest common factor of 533 and 123.
41
What is the highest common divisor of 1160 and 40?
40
Calculate the greatest common factor of 32 and 6800.
16
What is the greatest common factor of 56340 and 40?
20
Calculate the highest common divisor of 150 and 270.
30
What is the greatest common factor of 1785 and 85?
85
What is the greatest common factor of 55 and 517?
11
What is the highest common divisor of 483 and 92?
23
Calculate the highest common factor of 513 and 57.
57
What is the greatest common divisor of 102 and 918?
102
Calculate the greatest common divisor of 3441 and 93.
93
Calculate the greatest common divisor of 14 and 175.
7
Calculate the highest common factor of 688 and 43.
43
What is the highest common divisor of 14570 and 372?
62
What is the highest common divisor of 320 and 60?
20
What is the highest common factor of 180 and 3870?
90
Calculate the highest common factor of 474 and 158.
158
Calculate the greatest common factor of 900 and 804.
12
What is the greatest common divisor of 70 and 550?
10
What is the highest common divisor of 63 and 84?
21
What is the greatest common divisor of 99 and 231?
33
What is the greatest common factor of 693 and 1001?
77
Calculate the highest common divisor of 7 and 10451.
7
Calculate the highest common divisor of 1242 and 54.
54
Calculate the highest common factor of 123 and 432.
3
What is the greatest common divisor of 6293 and 14?
7
Calculate the highest common divisor of 1572 and 12.
12
What is the greatest common factor of 12 and 9924?
12
What is the highest common divisor of 15753 and 354?
177
Calculate the highest common factor of 150 and 675.
75
What is the highest common divisor of 228 and 48?
12
Calculate the greatest common divisor of 40541 and 71.
71
Calculate the greatest common divisor of 45 and 1185.
15
Calculate the greatest common factor of 1462 and 86.
86
Calculate the greatest common divisor of 215 and 48160.
215
Calculate the highest common divisor of 74 and 4.
2
What is the greatest common divisor of 88 and 7964?
44
Calculate the highest common divisor of 26 and 10426.
26
What is the greatest common divisor of 291 and 2425?
97
Calculate the highest common factor of 18 and 2934.
18
Calculate the highest common divisor of 19 and 3211.
19
What is the highest common factor of 7763 and 14?
7
Calculate the greatest common divisor of 8 and 31.
1
Calculate the greatest common divisor of 847 and 77.
77
What is the greatest common factor of 1953 and 45?
9
What is the greatest common factor of 5115 and 62?
31
Calculate the h